se 0 = -s + 3*s - 6. Suppose 2*d - 5*o - 20 = d, 0 = -5*d + 2*o + 146. Suppose -s*j + j + d = 0. What is the units digit of j?
5
Suppose -2*u + 4*u + 40 = 0. Suppose k = -168 + 155. Let x = k - u. What is the units digit of x?
7
Let j(u) = -8 - 3*u**2 - 5*u + 8*u**2 - 2*u + u**3. Let l be j(-6). What is the units digit of (4 - 3) + l + 4?
3
Let m = 30 - 21. Let c = -7 + m. Suppose 0*g = c*g - 24. What is the tens digit of g?
1
Suppose 0 = -13*z - 571 + 2729. Let g = 32 + z. What is the units digit of g?
8
Suppose 59 = -3*r + 188. Suppose -8 + r = 5*b. Suppose -2*k + g = -b*k + 176, -4*k + 5*g + 164 = 0. What is the tens digit of k?
3
Suppose 5*u = u. Suppose u = -w - 2*w + 45. Suppose 3*y - 4*y + 3*k = -w, -4*y + 2*k + 50 = 0. What is the tens digit of y?
1
Suppose 18 = v + 2*v. Let t = 9 + v. Suppose -4*i + 9*i = t, 10 = -a + 5*i. What is the units digit of a?
5
Suppose 0*s - 2*h - 26 = -4*s, -3*s = 3*h + 3. Suppose s*x - 88 = -12. Suppose m = x - 1. What is the units digit of m?
8
Let s(a) = 18*a**2 - 43*a + 50. What is the tens digit of s(15)?
5
Suppose -125 = 3*u + 271. Let s be (17/17)/((-1)/197). Let n = u - s. What is the units digit of n?
5
Suppose -5*v - 2*h + 1349 = -0*v, -4*v + 4*h = -1096. What is the hundreds digit of v?
2
Let i be 2 + 1 + -2 + -4. What is the units digit of 2/i*(-252)/3?
6
Let v = 47 - 74. Let f = v - -70. What is the units digit of f?
3
Let s = -4184 + 5901. What is the units digit of s?
7
Let t be (15/6)/(5/10). What is the tens digit of 10/t + 194/2?
9
Let k(j) = 13*j - 9. Let i(a) = 9*a - 6. Let w(o) = -7*i(o) + 5*k(o). Let q be w(4). Let z = 28 - q. What is the units digit of z?
3
Suppose -7367 = -3*f + 4*j, 4*f - 2728 - 7058 = -2*j. What is the hundreds digit of f?
4
Suppose -3*l + 16 = i, i - 3*i + 4 = -l. Suppose y = j - 9, -3*j - 2*j - l*y + 27 = 0. Suppose 0 = -5*d + 2 - j, -4*n + 4*d = -52. What is the tens digit of n?
1
Let y(x) = 3*x + 9. Let n be y(-4). Let j = n + 5. What is the units digit of (12/3 - 0) + j?
6
Let j(s) = -7*s + 438. What is the tens digit of j(0)?
3
Let x(c) = -156*c + 107. What is the hundreds digit of x(-3)?
5
Suppose 10*t - 30 = 4*t. Suppose t*c - 98 = o, c = -2*o + 4*o + 16. What is the tens digit of c?
2
Let j(m) = m**3 - 8*m**2 - 52*m + 13. What is the units digit of j(14)?
1
Suppose -b - 2 = -3*b - 4*k, 5*k - 4 = -3*b. Suppose -b*q = -5*z - 22, -2*q + q = -2*z - 9. Let r(s) = -2*s**3 + 1. What is the units digit of r(q)?
3
Let s = -12 - -11. Let z = s + 6. Suppose 0 = z*c - 4*a - 43 + 3, 0 = 2*c + a - 3. What is the units digit of c?
4
Let z = 2 + 179. What is the hundreds digit of z?
1
Suppose i - 6 = -11, -4*i = -5*t + 2020. What is the units digit of t?
0
Let r(j) = 11*j**2 - 12*j + 27. What is the units digit of r(8)?
5
Let l(n) = 16*n + 3*n**2 + 0*n**2 - 4*n**2. Let k(m) = -m**3 - 6*m**2 - 3*m - 4. Let r be k(-6). What is the units digit of l(r)?
8
Let y(d) = 2*d**3 + 50*d**2 + 25*d + 12. What is the units digit of y(-20)?
2
Suppose -276 = 2*t - 0*t. What is the tens digit of (16/(-24))/(2/t)?
4
Suppose -7*k = 153 - 279. Let f(d) = d + 6. Let q be f(-3). Suppose 0*c = q*t - c - 89, -2*c + k = t. What is the units digit of t?
8
Let c be (0 - 7)*(-192)/7. Let y = c + -110. What is the units digit of y?
2
Let q(b) = -12*b - 14. Let x(c) = -c**2 - 8*c + 26. Let j be x(-11). What is the units digit of q(j)?
0
Suppose -j - 2*v = 3*j + 950, 0 = -j - 2*v - 245. Let g = -118 - j. What is the hundreds digit of g?
1
Suppose 2*c = -114 - 32. Let q = 124 + c. What is the tens digit of q?
5
Suppose -2*q - 2*b - 24 = 0, -2*q - 24 = -3*b - 0*b. What is the tens digit of ((-572)/q - -3)*(2 - -1)?
5
What is the hundreds digit of -5 - (4189/(-1) + -5)?
1
Let y(c) = c**3 + 19*c**2 - 25*c + 19. What is the thousands digit of y(-14)?
1
Let x(n) = -10*n + 0 + 8*n - 3 - 4. Let p be x(-5). Suppose -p*m + 10 = -20. What is the tens digit of m?
1
Let r = -39 + 39. Suppose f + 2*c - 20 = r, 2*f - 3*c - 60 = -f. What is the tens digit of f?
2
Suppose 2*g = -1 + 7. Suppose -g*z - 675 = -8*z. Suppose -5*x = -0*x - z. What is the tens digit of x?
2
Let o(w) = -26*w**2 + 4*w + 8*w + 25*w**2 + 7. What is the units digit of o(8)?
9
Suppose 0 = -9*z + 5*z + d + 1282, -5*z + 5*d = -1610. What is the tens digit of z?
2
Let q be ((-1)/(-2) - (-15)/18)*15. Suppose -b + 148 = -u, 0*u = 5*u - q. What is the units digit of b?
2
Suppose 0 = -3*v - 6, 0 = -2*k - 2*v - 3*v - 20. What is the units digit of 1208/10 + 2 + 9/k?
1
Suppose -4*y + 5*z - 882 = -2*y, -4*y - 2*z - 1812 = 0. Let g = -236 - y. What is the tens digit of g?
1
Suppose 4*s = -5*q - 17 - 3, 2*q + 5*s = -8. Let k = 17 - 29. Let p = q - k. What is the units digit of p?
8
Let x(c) = -2*c**3 - 5*c**2 - 4*c. Suppose 4*n + 0*n + 8 = 0. Let r be x(n). Suppose r*q + 87 = 7*q. What is the tens digit of q?
2
Suppose -3*s - 4*k + 1773 = 0, -5*k - 946 = -s - 374. What is the hundreds digit of s?
5
Let y(w) = -3*w**3 + 4*w**3 - 5*w + 0*w**3 - 4 + w**3 - 12*w**2. What is the units digit of y(7)?
9
Let f(v) = -v**3 - 2*v**2 + 3*v + 5. Let i be f(-4). What is the units digit of i/(0 + (-4)/(-12))?
5
Let x be (-16)/6*21/(-14). Suppose 6 = x*u - 2*u. Suppose -d = 2*d - u. What is the units digit of d?
1
What is the tens digit of (6 - 3) + 713 + 5?
2
Let w be -19 - -25 - (-2 + -2). Let l be (1/3)/((-2)/(-6)). Suppose -w = -3*s - l. What is the units digit of s?
3
Let s be 9*(-12)/(-45)*440/3. Let u = s - 242. What is the hundreds digit of u?
1
Suppose -5*x = -u + 3*u + 29, 2*x + 16 = -3*u. What is the hundreds digit of -3 - -140 - (1 + u) - -2?
1
Let t(p) = 3*p**2 + p. Let m be t(-1). What is the tens digit of -4 + (m - (-65 + 2))?
6
Let o(i) = -4*i**2 - 5*i - 9. Let z(b) = b**2 - b - 1. Let g(m) = -o(m) - 3*z(m). Let d(n) be the first derivative of g(n). What is the units digit of d(0)?
8
Let x(n) = 15 + 6*n**2 - 1 + 7*n + 4*n**2. What is the tens digit of x(-3)?
8
Let z(f) = f**3 + 7*f**2 - 24*f - 16. What is the units digit of z(10)?
4
What is the hundreds digit of 13*4/364 - 11982/(-14)?
8
Suppose 2*v - 5*j - 5272 = 0, -14*v + 5312 = -12*v + 5*j. What is the tens digit of v?
4
Let q(a) = 3*a + 27. Let h be q(-10). What is the units digit of 2*(-5 - h) + 944/4?
2
Suppose -5*f = 25, 5*f + 7 + 0 = -3*x. Suppose -2*p = x*b - 2*b + 2, -3*p - 5*b = 0. Let m = p - -7. What is the units digit of m?
2
Let f = -16 - -17. Let r be (21/(2 + f))/1. Suppose -12*c + r*c + 35 = 0. What is the units digit of c?
7
Let u(x) = 6*x. Let o be u(2). Suppose -8*c + 20 = -3*c. Suppose 2*s + 0*g - c*g - o = 0, -5*g = -s. What is the tens digit of s?
1
Let y be -10*(-5 - 5/(-5)). Suppose 2*c - 6 = y. What is the units digit of c?
3
Suppose 21*l - 738 = 17*l + 2*i, i = -1. What is the hundreds digit of l?
1
Suppose 0*a - 3*a - 282 = 3*v, 0 = -3*a + 2*v - 287. Let u = 151 + a. What is the tens digit of u?
5
Suppose 5*r + 8 = 5*v - 2*v, 0 = -4*r + 8. Let y(c) = 6*c**2 - 8*c - 13. What is the units digit of y(v)?
5
Let d = 0 + 12. Suppose d = 2*u - 6. What is the units digit of 3/u*(23 - 2)?
7
Suppose 7714 = 10*s - 3*s. What is the units digit of s?
2
Suppose -59*k + 18846 = -32*k. What is the hundreds digit of k?
6
Let r(y) be the third derivative of -y**4/4 - 31*y**3/6 + 24*y**2. What is the units digit of r(-13)?
7
Let u = -24 + 2. Let l = -30 - u. Let g = 9 + l. What is the units digit of g?
1
Let v be -1 - (0 + 2 + -17). Let q(o) be the second derivative of -o**5/20 + 5*o**4/4 - 2*o**3 - 7*o**2/2 + 8*o. What is the units digit of q(v)?
1
Suppose -4*t = -4*k - 168 - 740, 0 = -3*t + 2*k + 681. What is the tens digit of t?
2
Suppose 0 = -p + 7 - 8. What is the units digit of p/(2*4/(-24))?
3
Let g(h) = -12*h**3 + h**2 + 2*h + 2. Let r be g(2). Let a = 173 + r. What is the units digit of a?
7
Suppose m - 66 = -3*c, 8*m = 7*m + 3*c + 66. Let t = m + -23. What is the tens digit of t?
4
Suppose -6152 = 11*z - 15*z. What is the thousands digit of z?
1
Let y(h) = -11*h + 6. Let k be y(-6). Let g = k - 24. What is the units digit of g?
8
Let v(i) = -21*i + 23 - 35 + 23. What is the tens digit of v(-4)?
9
Suppose -10*b + 16*b - 234 = 0. Let j = b - -4. What is the tens digit of j?
4
Suppose -2 = -u + 4. Suppose -9 = -3*f + u, 0 = 3*q + 5*f - 268. What is the units digit of q?
1
Suppose 15 = 3*